{"id":473,"date":"2015-01-24T19:02:54","date_gmt":"2015-01-24T19:02:54","guid":{"rendered":"http:\/\/www.kektoll.com\/?page_id=473"},"modified":"2016-05-03T10:55:04","modified_gmt":"2016-05-03T10:55:04","slug":"feher-negyszogek-e-konyv-megrendelese","status":"publish","type":"page","link":"http:\/\/www.kektoll.com\/?page_id=473","title":{"rendered":"K\u00f6nyv megrendel\u00e9se"},"content":{"rendered":"<p><a href=\"http:\/\/www.kektoll.com\/wp-content\/uploads\/2015\/01\/feher.jpg\"><img loading=\"lazy\" class=\"alignnone size-medium wp-image-501\" src=\"http:\/\/www.kektoll.com\/wp-content\/uploads\/2015\/01\/feher-225x300.jpg\" alt=\"feher\" width=\"225\" height=\"300\" srcset=\"http:\/\/www.kektoll.com\/wp-content\/uploads\/2015\/01\/feher-225x300.jpg 225w, http:\/\/www.kektoll.com\/wp-content\/uploads\/2015\/01\/feher-768x1024.jpg 768w, http:\/\/www.kektoll.com\/wp-content\/uploads\/2015\/01\/feher-500x667.jpg 500w, http:\/\/www.kektoll.com\/wp-content\/uploads\/2015\/01\/feher-320x427.jpg 320w, http:\/\/www.kektoll.com\/wp-content\/uploads\/2015\/01\/feher-160x213.jpg 160w, http:\/\/www.kektoll.com\/wp-content\/uploads\/2015\/01\/feher.jpg 1500w\" sizes=\"(max-width: 225px) 100vw, 225px\" \/><\/a><\/p>\n<p>Nincs es\u00e9lyem. \u00cdrjak b\u00e1r ak\u00e1rh\u00e1ny sort, val\u00f3sz\u00edn\u0171leg egy sem lesz, ami csak megk\u00f6zel\u00edten\u00e9 az igazs\u00e1got. \u00c1m m\u00e9gis, a pap\u00edr feh\u00e9r, kietlen n\u00e9gysz\u00f6gei bet\u00f6lt\u00e9sre v\u00e1rnak, mint ahogyan a csend v\u00e1r a szavakra, a n\u0151i \u00f6l a falloszra, amint legt\u00f6bb\u00fcnk lelk\u00e9ben v\u00e1r egy v\u00e1gy es\u00e9lytelen\u00fcl arra, hogy kiel\u00e9g\u00edts\u00e9k. El\u00e9be megy\u00fcnk h\u00e1t, megpr\u00f3b\u00e1lunk valamit tenni. Bemocskoljuk a vil\u00e1got zajjal, tettel, \u00e1rul\u00e1ssal. T\u00f6nkretessz\u00fck, megosztjuk l\u00e9nyeg\u00e9t\u0151l, \u00fagy, mint \u00e9n, aki meglopom a pap\u00edrlapok makul\u00e1tlan feh\u00e9rs\u00e9g\u00e9t, s selejtt\u00e9 teszem \u0151ket, \u00e9s e sz\u00fcntelen rombol\u00e1s k\u00f6zepette \u00edr\u00f3g\u00e9pkopog\u00e1st\u00f3l pusztulnak el hossz\u00fa est\u00e9im, \u00e1lmos hajnalaim, hogy v\u00e9g\u00fcl eljussak a sz\u00f3ig. Pap\u00edrhalmokat becstelen\u00edtek meg, hogy a tiszta, egyenletes \u0171rt, egy kusz\u00e1bbra cser\u00e9ljem.<br \/>\nNos, nincs mire v\u00e1rni. J\u00f6jjenek a szavak, fr\u00f6ccsenjen a ny\u00e1l, a sperma, a v\u00e9r, megannyi f\u00f6l\u00f6sleges jel a feh\u00e9r n\u00e9gysz\u00f6gek sivatag\u00e1ban.<\/p>\n<div role=\"form\" class=\"wpcf7\" id=\"wpcf7-f471-o1\" lang=\"hu-HU\" dir=\"ltr\">\n<div class=\"screen-reader-response\" aria-live=\"polite\"><\/div>\n<form action=\"\/index.php?rest_route=%2Fwp%2Fv2%2Fpages%2F473#wpcf7-f471-o1\" method=\"post\" class=\"wpcf7-form\" novalidate=\"novalidate\">\n<div style=\"display: none;\">\n<input type=\"hidden\" name=\"_wpcf7\" value=\"471\" \/>\n<input type=\"hidden\" name=\"_wpcf7_version\" value=\"5.1.8\" \/>\n<input type=\"hidden\" name=\"_wpcf7_locale\" value=\"hu_HU\" \/>\n<input type=\"hidden\" name=\"_wpcf7_unit_tag\" value=\"wpcf7-f471-o1\" \/>\n<input type=\"hidden\" name=\"_wpcf7_container_post\" value=\"0\" \/>\n<\/div>\n<p>N\u00e9v (k\u00f6telez\u0151)<br \/>\n    <span class=\"wpcf7-form-control-wrap your-name\"><input type=\"text\" name=\"your-name\" value=\"\" size=\"40\" class=\"wpcf7-form-control wpcf7-text wpcf7-validates-as-required\" aria-required=\"true\" aria-invalid=\"false\" \/><\/span> <\/p>\n<p>Email c\u00edm (k\u00f6telez\u0151)<br \/>\n    <span class=\"wpcf7-form-control-wrap your-email\"><input type=\"email\" name=\"your-email\" value=\"\" size=\"40\" class=\"wpcf7-form-control wpcf7-text wpcf7-email wpcf7-validates-as-required wpcf7-validates-as-email\" aria-required=\"true\" aria-invalid=\"false\" \/><\/span> <\/p>\n<p>T\u00e1rgy<br \/>\n    <span class=\"wpcf7-form-control-wrap your-subject\"><input type=\"text\" name=\"your-subject\" value=\"\" size=\"40\" class=\"wpcf7-form-control wpcf7-text\" aria-invalid=\"false\" \/><\/span><\/p>\n<p>\u00dczenet<br \/>\n    <span class=\"wpcf7-form-control-wrap your-message\"><textarea name=\"your-message\" cols=\"40\" rows=\"10\" class=\"wpcf7-form-control wpcf7-textarea\" aria-invalid=\"false\"><\/textarea><\/span> <\/p>\n<p><input type=\"submit\" value=\"K\u00fcld\u00e9s\" class=\"wpcf7-form-control wpcf7-submit\" \/><\/p>\n<div class=\"wpcf7-response-output wpcf7-display-none\" aria-hidden=\"true\"><\/div><\/form><\/div>\n<p>[wpecpp name=&#8221;Feh\u00e9r n\u00e9gysz\u00f6gek&#8221; price=&#8221;900&#8243; align=&#8221;left&#8221;]<\/p>\n<p><strong>Az \u00e1r 1100Ft vagy 4 Euro Amennyiben nincs PayPal sz\u00e1ml\u00e1d a &#8222;Don&#8217;t have a PayPal account?&#8221; men\u00fcpontra kattintva fizethetsz bankk\u00e1rty\u00e1val is.<\/strong><\/p>\n<p><strong>Nyomtatott p\u00e9ld\u00e1ny is rendelhet\u0151, dedik\u00e1l\u00e1ssal 3500Ft vagy 12 Euro \u00e1ron.<\/strong><\/p>\n<p><a href=\"http:\/\/www.kektoll.com\/wp-content\/uploads\/2015\/01\/paypal.jpg\"><img loading=\"lazy\" class=\"alignnone size-medium wp-image-499\" src=\"http:\/\/www.kektoll.com\/wp-content\/uploads\/2015\/01\/paypal-300x221.jpg\" alt=\"paypal\" width=\"300\" height=\"221\" srcset=\"http:\/\/www.kektoll.com\/wp-content\/uploads\/2015\/01\/paypal-300x221.jpg 300w, http:\/\/www.kektoll.com\/wp-content\/uploads\/2015\/01\/paypal-320x235.jpg 320w, http:\/\/www.kektoll.com\/wp-content\/uploads\/2015\/01\/paypal-160x118.jpg 160w, http:\/\/www.kektoll.com\/wp-content\/uploads\/2015\/01\/paypal.jpg 400w\" sizes=\"(max-width: 300px) 100vw, 300px\" \/><\/a><\/p>\n<p>&nbsp;<\/p>\n","protected":false},"excerpt":{"rendered":"<p>Nincs es\u00e9lyem. \u00cdrjak b\u00e1r ak\u00e1rh\u00e1ny sort, val\u00f3sz\u00edn\u0171leg egy sem lesz, ami csak megk\u00f6zel\u00edten\u00e9 az igazs\u00e1got. \u00c1m m\u00e9gis, a pap\u00edr feh\u00e9r, kietlen n\u00e9gysz\u00f6gei bet\u00f6lt\u00e9sre v\u00e1rnak, mint ahogyan a csend v\u00e1r a szavakra, a n\u0151i \u00f6l a falloszra, amint legt\u00f6bb\u00fcnk lelk\u00e9ben v\u00e1r&hellip;<\/p>\n<p class=\"more-link-p\"><a class=\"more-link\" href=\"http:\/\/www.kektoll.com\/?page_id=473\">Read more &rarr;<\/a><\/p>\n","protected":false},"author":2,"featured_media":0,"parent":0,"menu_order":0,"comment_status":"closed","ping_status":"closed","template":"","meta":{"ngg_post_thumbnail":0},"_links":{"self":[{"href":"http:\/\/www.kektoll.com\/index.php?rest_route=\/wp\/v2\/pages\/473"}],"collection":[{"href":"http:\/\/www.kektoll.com\/index.php?rest_route=\/wp\/v2\/pages"}],"about":[{"href":"http:\/\/www.kektoll.com\/index.php?rest_route=\/wp\/v2\/types\/page"}],"author":[{"embeddable":true,"href":"http:\/\/www.kektoll.com\/index.php?rest_route=\/wp\/v2\/users\/2"}],"replies":[{"embeddable":true,"href":"http:\/\/www.kektoll.com\/index.php?rest_route=%2Fwp%2Fv2%2Fcomments&post=473"}],"version-history":[{"count":10,"href":"http:\/\/www.kektoll.com\/index.php?rest_route=\/wp\/v2\/pages\/473\/revisions"}],"predecessor-version":[{"id":1388,"href":"http:\/\/www.kektoll.com\/index.php?rest_route=\/wp\/v2\/pages\/473\/revisions\/1388"}],"wp:attachment":[{"href":"http:\/\/www.kektoll.com\/index.php?rest_route=%2Fwp%2Fv2%2Fmedia&parent=473"}],"curies":[{"name":"wp","href":"https:\/\/api.w.org\/{rel}","templated":true}]}}